the prime factors of 622895?
5, 7, 13, 37
List the prime factors of 774616.
2, 96827
List the prime factors of 30159.
3, 1117
What are the prime factors of 4148779?
251, 16529
List the prime factors of 249214.
2, 7, 2543
List the prime factors of 172417.
7, 24631
List the prime factors of 120877.
120877
List the prime factors of 392427.
3, 7, 6229
List the prime factors of 4436755.
5, 107, 8293
List the prime factors of 7198.
2, 59, 61
What are the prime factors of 108162?
2, 3, 2003
List the prime factors of 1505848.
2, 41, 4591
What are the prime factors of 2564831?
2564831
What are the prime factors of 1559741?
457, 3413
What are the prime factors of 1418370?
2, 3, 5, 47279
What are the prime factors of 3202895?
5, 640579
List the prime factors of 305040.
2, 3, 5, 31, 41
What are the prime factors of 20639583?
3, 31, 24659
What are the prime factors of 17124215?
5, 47, 72869
List the prime factors of 795193.
7, 47, 2417
What are the prime factors of 13602545?
5, 11, 23, 10753
List the prime factors of 3985101.
3, 442789
List the prime factors of 116092.
2, 29023
List the prime factors of 1519886.
2, 19, 23, 37, 47
What are the prime factors of 14319939?
3, 19, 29, 8663
List the prime factors of 423984.
2, 3, 11, 73
What are the prime factors of 51325?
5, 2053
List the prime factors of 3475084.
2, 868771
List the prime factors of 6982656.
2, 3, 2273
What are the prime factors of 70802?
2, 35401
List the prime factors of 2981806.
2, 839, 1777
What are the prime factors of 6255116?
2, 7, 17, 773
What are the prime factors of 1588062?
2, 3, 7, 37811
List the prime factors of 335472.
2, 3, 29, 241
What are the prime factors of 2195570?
2, 5, 13, 16889
What are the prime factors of 9271822?
2, 7, 29, 41, 557
What are the prime factors of 881024?
2, 6883
What are the prime factors of 1652622?
2, 3, 67, 4111
What are the prime factors of 1297625?
5, 7, 1483
What are the prime factors of 276375?
3, 5, 11, 67
What are the prime factors of 1414699?
11, 13, 761
List the prime factors of 3256578.
2, 3, 13, 4639
What are the prime factors of 2052398?
2, 1026199
What are the prime factors of 59846?
2, 23, 1301
List the prime factors of 28668.
2, 3, 2389
List the prime factors of 720796.
2, 79, 2281
List the prime factors of 130747.
17, 7691
List the prime factors of 9792130.
2, 5, 317, 3089
List the prime factors of 13038384.
2, 3, 61, 73
List the prime factors of 452073.
3, 31, 4861
List the prime factors of 18057043.
17, 331, 3209
What are the prime factors of 770883?
3, 293, 877
List the prime factors of 1398700.
2, 5, 71, 197
List the prime factors of 635825.
5, 29, 877
List the prime factors of 4043202.
2, 3, 61, 11047
List the prime factors of 6940734.
2, 3, 821, 1409
What are the prime factors of 356970?
2, 3, 5, 73, 163
What are the prime factors of 1311587?
571, 2297
List the prime factors of 1067964.
2, 3, 88997
What are the prime factors of 616648?
2, 77081
What are the prime factors of 139077?
3, 17, 101
List the prime factors of 5543790.
2, 3, 5, 7, 26399
List the prime factors of 4674503.
4674503
What are the prime factors of 4300776?
2, 3, 6637
List the prime factors of 907660.
2, 5, 13, 3491
List the prime factors of 62727.
3, 7, 29, 103
List the prime factors of 151942.
2, 7, 10853
List the prime factors of 20901807.
3, 83, 3109
List the prime factors of 142357.
142357
List the prime factors of 1534868.
2, 263, 1459
What are the prime factors of 10758129?
3, 521, 6883
List the prime factors of 324948.
2, 3, 13, 2083
What are the prime factors of 4196711?
199, 21089
What are the prime factors of 2236635?
3, 5, 23, 2161
List the prime factors of 57775.
5, 2311
List the prime factors of 1028648.
2, 71, 1811
List the prime factors of 129230.
2, 5, 12923
What are the prime factors of 1380307?
1380307
List the prime factors of 1823431.
1823431
What are the prime factors of 558583?
558583
List the prime factors of 12045528.
2, 3, 11, 67, 227
What are the prime factors of 19669909?
7, 2809987
List the prime factors of 25020516.
2, 3, 83, 25121
List the prime factors of 41434408.
2, 23, 67, 3361
List the prime factors of 5681289.
3, 43, 44041
What are the prime factors of 6917207?
11, 5197
List the prime factors of 4878297.
3, 59, 9187
What are the prime factors of 549870?
2, 3, 5, 18329
List the prime factors of 274073.
61, 4493
What are the prime factors of 232637?
59, 3943
What are the prime factors of 2470901?
1051, 2351
What are the prime factors of 2216353?
73, 97, 313
List the prime factors of 18351.
3, 2039
List the prime factors of 2325138.
2, 3, 277, 1399
What are the prime factors of 405560?
2, 5, 10139
What are the prime factors of 293333?
197, 1489
List the prime factors of 9826942.
2, 53, 92707
What are the prime factors of 1936919?
739, 2621
What are the prime factors of 2789649?
3, 17, 18233
What are the prime factors of 1390552?
2, 173819
List the prime factors of 3996891.
3, 179, 827
What are the prime factors of 30671?
30671
What are the prime factors of 35471?
79, 449
List the prime factors of 363461.
7, 137, 379
What are the prime factors of 16746554?
2, 11, 761207
List the prime factors of 5704450.
2, 5, 114089
List the prime factors of 908874.
2, 3, 16831
List the prime factors of 16661129.
41, 251, 1619
List the prime factors of 174444.
2, 3, 14537
List the prime factors of 2522334.
2, 3, 359, 1171
List the prime factors of 97621.
41, 2381
What are the prime factors of 1624530?
2, 3, 5, 54151
What are the prime factors of 3269353?
31, 263, 401
List the prime factors of 1578209.
29, 54421
List the prime factors of 355200.
2, 3, 5, 37
What are the prime factors of 134603?
7, 41, 67
What are the prime factors of 3126049?
269, 11621
List the prime factors of 108147.
3, 13, 47, 59
List the prime factors of 34433284.
2, 8608321
What are the prime factors of 160405?
5, 7, 4583
What are the prime factors of 545898?
2, 3, 37, 2459
List the prime factors of 839483.
839483
What are the prime factors of 9760300?
2, 5, 11, 19, 467
List the prime factors of 1144774.
2, 572387
List the prime factors of 171475.
5, 19
List the prime factors of 39096328.
2, 17, 103, 2791
List the prime factors of 6744621.
3, 13, 53, 251
List the prime factors of 878060.
2, 5, 43, 1021
List the prime factors of 37591.
37591
What are the prime factors of 2110162?
2, 113, 9337
What are the prime factors of 49748?
2, 12437
List the prime factors of 2598150.
2, 3, 5, 17321
List the prime factors of 6982098.
2, 3, 29, 40127
What are the prime factors of 508356?
2, 3, 523
List the prime factors of 1392160.
2, 5, 7, 11, 113
What are the prime factors of 26611754?
2, 13, 43, 1831
List the prime factors of 427332.
2, 3, 149, 239
List the prime factors of 4696062.
2, 3, 7, 15973
What are the prime factors of 6497684?
2, 23, 70627
List the prime factors of 9234193.
263, 35111
List the prime factors of 5627497.
73, 127, 607
What are the prime factors of 1543329?
3, 171481
List the prime factors of 5792263.
5792263
What are the prime factors of 3194667?
3, 7, 16903
What are the prime factors of 1328303?
331, 4013
What are the prime factors of 19080666?
2, 3, 11, 29, 3323
What are the prime factors of 1586426?
2, 67, 11839
What are the prime factors of 896966?
2, 7, 79, 811
What are the prime factors of 1677730?
2, 5, 17, 71, 139
What are the prime factors of 10912095?
3, 5, 242491
List the prime factors of 91129.
91129
What are the prime factors of 4082?
2, 13, 157
What are the prime factors of 284280?
2, 3, 5, 23, 103
List the prime factors of 9288409.
13, 17, 53, 61
What are the prime factors of 14485564?
2, 17, 213023
What are the prime factors of 2384191?
41, 58151
List the prime factors of 3360613.
3360613
What are the prime factors of 450391?
450391
List the prime factors of 1177587.
3, 130843
List the prime factors of 514526.
2, 257263
List the prime factors of 2256686.
2, 293, 3851
List the prime factors of 11872841.
11872841
What are the prime factors of 2040350?
2, 5, 13, 43, 73
What are the prime factors of 424627?
7, 60661
What are the prime factors of 974800?
2, 5, 2437
List the prime factors of 73816.
2, 9227
What are the prime factors of 275777?
211, 1307
List the prime factors of 225790.
2, 5, 67, 337
What are the prime factors of 4579965?
3, 5, 13, 7